)*-2. Let r = d - 56. Calculate the greatest common divisor of r and n.
12
Let q = -29 + 33. Let p(o) = -9 - 5*o + 6 + q*o - 2. Let k be p(-12). Calculate the greatest common factor of 7 and k.
7
Let v(z) = z**2 + 10*z - 7. Suppose 0 = u + 16 - 5. Let s be v(u). Suppose -88 = -s*a + 3*a. Calculate the highest common factor of a and 22.
22
Let q(c) = -32*c - 3. Let i be q(-3). Let u = i + -82. Suppose -l + 99 = -0*l. Calculate the highest common factor of u and l.
11
Let z(o) be the third derivative of -o**6/120 - o**5/3 + o**4/24 + 4*o**3 - 91*o**2. Let l be z(-20). Calculate the highest common factor of 5 and l.
1
Suppose 129*w = 134*w - 15. Let o(z) = -11*z**2 + 51*z - 6. Let u be o(w). What is the highest common factor of 256 and u?
16
Suppose 44*m + 23*m = 372654. Calculate the greatest common divisor of m and 108.
54
Suppose -50*c + 10*c = c - 58384. What is the highest common factor of 16 and c?
16
Let r(w) = 10*w**2 - 172*w + 29. Let q be r(24). What is the highest common factor of q and 11?
11
Suppose -38*w + 39*w = s + 50, 0 = -5*w - s + 256. Calculate the highest common divisor of w and 7701.
51
Let z be ((-1)/2)/(6/(-36)). Suppose a + 183 = 5*t - 0*a, -t + z*a + 45 = 0. What is the highest common divisor of t and 4?
4
Suppose -3*a = -5*i - 890, -2*i - 356 = 23*a - 21*a. Let g be 1 + (-63)/7 - i. Calculate the greatest common factor of 80 and g.
10
Suppose -3720 = -190*c + 35*c. Let y(b) = -b**2 + 4*b + 9. Let s be y(4). What is the highest common divisor of c and s?
3
Let t = -23951 + 28149. What is the highest common factor of t and 4?
2
Let p(c) = -c**3 + 9*c**2 + 32*c - 202. Let d be p(7). Calculate the highest common divisor of d and 2740.
20
Let m = -1633 + 1641. Let v be 42/12 + 2/(-4). Suppose v*q = 5*q - 256. Calculate the greatest common factor of m and q.
8
Let l = 14453 - 10939. What is the highest common factor of l and 56?
14
Let l(h) = 5*h**3 + 40*h**2 + 12*h + 64. Let j be l(-6). What is the highest common divisor of j and 4768?
32
Suppose -21*s = 12*s - 1056. Let q(g) = 3*g**2 - g + 8. Let w be q(3). Calculate the greatest common factor of w and s.
32
Let x(r) = 2*r + 3. Let s be 21*(-1)/(12/8). Let q be x(s). Let p be (-3)/(-5) - 385/q. Calculate the greatest common factor of 8 and p.
8
Let c(a) = a**3 - 18*a**2 - 48*a + 17. Let y be c(23). What is the highest common divisor of 152 and y?
38
Let b = -720 + 758. Suppose -15*n + b = 2*l - 17*n, 3*l + n = 77. Let m be (0 - -1)/((-1)/(-36)). What is the greatest common divisor of m and l?
12
Let r(y) = 27*y**3 + 216*y**2 - 12*y - 8. Let z be r(-8). Calculate the greatest common factor of z and 143.
11
Let l(s) be the third derivative of -s**6/120 + 2*s**5/15 + s**4/4 + 3*s**3/2 + 67*s**2. Let v be l(7). Calculate the greatest common factor of v and 20.
20
Let d be 47/6 + (-46)/(-276). Let l(c) = 4*c**2 - 3*c + 4. Let x be l(2). Suppose 1108 = x*r - 1020. What is the highest common factor of d and r?
8
Suppose 2*m + 624 = 4*i - 308, -1166 = -5*i + 2*m. Suppose 0 = -2*p + 6*p - 72. What is the greatest common divisor of p and i?
18
Suppose 0 = 2*a - 2 - 0, i + 2*a - 9 = 0. Let k = -78 + 141. Calculate the greatest common divisor of k and i.
7
Suppose -5*n + 299 = 4*l - 143, 266 = 3*n + 2*l. Let t(q) = -q - 3 + 6 + q**2 + q**2 + 0. Let x be t(3). What is the greatest common divisor of n and x?
18
Let t(o) = o**3 + 3*o**2 + 23*o + 56. Let i be t(0). What is the greatest common divisor of i and 20160?
56
Suppose -60 = 5*o + 40. Let c(p) = 3*p**2 + 3*p - 21. Let f be c(3). Let s be (o/(-3))/(10/f). Calculate the highest common divisor of 4 and s.
2
Suppose -4076 = -4*o - 4*m, 3*o - 5*m = 691 + 2342. Calculate the greatest common factor of 1 and o.
1
Suppose -2*p + 3413 = -s, -6193 = -5*p + 2*s + 2337. What is the highest common factor of 168 and p?
24
Let j = 2866 - 2851. Calculate the highest common divisor of 110 and j.
5
Suppose -7456 = -134*a - 2364. What is the greatest common divisor of a and 2318?
38
Let q(p) be the first derivative of 15/2*p**2 - 17*p + 12. Let l be q(7). What is the greatest common factor of l and 8?
8
Let u(z) = 165*z - 2434. Let x be u(16). What is the greatest common divisor of x and 12?
2
Let o be (36/(-10))/(-3)*70. Suppose 5*l - 2*l - o = 0. Let s = 42170 - 42166. What is the highest common factor of l and s?
4
Suppose -9 = -l - 4*x, 5*l + 3*x = 27 + 1. Suppose w + l*p = 4*w - 75, -4*p + 68 = 4*w. Let d = 192 - 12. Calculate the greatest common divisor of d and w.
20
Let q(d) = 899*d**2 + 12*d + 4. Let v be q(-1). What is the highest common factor of 11 and v?
11
Suppose -2336 + 2024 = -6*a. What is the highest common factor of 116 and a?
4
Let u(l) = 1344*l - 340. Let g be u(38). What is the highest common divisor of 44 and g?
44
Suppose -602 = -2*l - 2*x, -10*x = 5*l - 8*x - 1493. What is the greatest common divisor of 81 and l?
27
Suppose m - 1959 - 2112 = -5*l, m + 3*l - 4065 = 0. What is the highest common divisor of m and 273?
39
Let p = -455 - -459. Suppose 4*i = 4*f - 1231 + 303, 0 = p*f - 5*i - 929. Calculate the greatest common divisor of f and 33.
33
Let m = 208 - 187. Let k(q) = 75*q + 173. Let y be k(m). Calculate the greatest common divisor of 92 and y.
92
Let t(p) = -11*p - 18. Let k(q) = q - 1. Let x(a) = 6*k(a) + t(a). Let u be x(-7). Calculate the greatest common divisor of u and 451.
11
Let u be (355 - 344) + 2 + 1142. What is the highest common divisor of u and 420?
105
Suppose -2*a = -3*a - 5*s - 153, 0 = -3*a + 4*s - 497. Let x = a + 219. What is the highest common divisor of x and 14?
14
Suppose -3*b + 356 + 337 = 4*s, -301 = -2*s + 5*b. What is the highest common divisor of s and 1036?
28
Suppose 3079*i = 3134*i - 5390. Calculate the greatest common divisor of i and 350.
14
Let i(f) = f**2 - f. Let y(m) = 6*m**2 + 7*m + 72. Let l(x) = 2*i(x) + y(x). Let j be l(-8). Calculate the greatest common factor of 17 and j.
17
Suppose -56*s - 272*s = 40*s - 14720. Let w(b) = -b**3 + 9*b**2 - 3. Let x be w(6). What is the highest common divisor of s and x?
5
Let t(p) = -4*p - 39. Let k be t(-7). Let q(b) = -3*b - 26. Let i be q(k). Suppose i*h = 5*h + 44. Calculate the highest common factor of h and 176.
22
Let v(k) = -k**2 + 25*k - 85. Let h be v(10). What is the highest common factor of h and 221?
13
Let s(x) = 5*x**2 - 45*x + 4. Let o be s(9). Let q = -3 - -5. Suppose q*m + 1 = -4*z + 81, 60 = 2*z - o*m. Calculate the highest common factor of z and 198.
22
Suppose -166 = -3*o + 41. Let g be (-2)/(-6) - 57/(-36)*-4. Let a be 770/33 + 2/g. Calculate the greatest common divisor of o and a.
23
Let n(x) = -6*x - 5. Let t = -167 + 152. Let k be n(t). What is the greatest common factor of 17 and k?
17
Let w(l) = 14*l**2 - l. Let o be w(2). Let v be (-2)/(-5) - (-3928)/(-20). Let d = -187 - v. What is the highest common factor of o and d?
9
Suppose 6*f - 4*f = 380. Suppose 0 = -6*x + 410 + f. Let d(s) = -2*s - 30. Let a be d(-35). What is the greatest common divisor of a and x?
20
Suppose s + 11 = 22. Suppose -2*n - a + 27 = 0, 0 = s*n - 10*n - 3*a - 3. Calculate the highest common divisor of n and 204.
12
Suppose -190 + 4 = -2*q. Suppose 3*p + 4*f = 190, -3*f + 15 - 136 = -2*p. Calculate the greatest common factor of p and q.
31
Suppose q + 5*o = 53 + 46, -2*q + 128 = -4*o. What is the highest common factor of 1258 and q?
74
Suppose -3887 = 21*i + 628. Let g = -199 - i. Let h = -322 - -498. What is the greatest common factor of g and h?
16
Let b be (3 - (-693)/(-225)) + (-31056)/(-75). Calculate the highest common factor of b and 48.
6
Let n = 1471 - 1394. What is the highest common factor of 217 and n?
7
Let h = 418 - 416. Let w be (-156)/(-104) - (-33)/h. Calculate the greatest common factor of 288 and w.
18
Let z(t) = -322*t + 2590. Let i be z(8). What is the greatest common factor of 14476 and i?
14
Suppose -170665 = 42*b - 615193. Calculate the highest common divisor of b and 432.
216
Let c(b) = b**2 - 3*b + 12. Let p be c(4). Let o(l) = 17*l - 254. Let z be o(p). What is the highest common factor of z and 12?
6
Let j be ((-20)/(-25))/((-49)/(-7) + (-139)/20). Calculate the highest common factor of 2616 and j.
8
Let v = 55 - 62. Let f be (-18)/((3 - -11)/v). What is the highest common divisor of f and 54?
9
Let w(v) = -281*v*